{"id":96,"date":"2016-05-20T14:12:15","date_gmt":"2016-05-20T14:12:15","guid":{"rendered":"http:\/\/www.can-borrell.com\/?page_id=96"},"modified":"2016-10-07T19:54:16","modified_gmt":"2016-10-07T19:54:16","slug":"excursion-a-la-font-de-lermeta","status":"publish","type":"page","link":"https:\/\/www.can-borrell.com\/en\/excursions\/excursion-a-la-font-de-lermeta\/","title":{"rendered":"Hike to the Font de l&#8217;Ermet\u00e1 (Hermits Spring) and the Ermita de Sant Vicen\u00e7 del Bosc (Chapel of Sant Vicen\u00e7 of the Forest) and the Font de Sant Vicen\u00e7(Sant Vicen\u00e7 spring)"},"content":{"rendered":"<p><img loading=\"lazy\" decoding=\"async\" class=\"txt-foto-isqui alignleft\" title=\"Photo given by Consorci del Parc Collserola\" src=\"http:\/\/www.can-borrell.com\/img\/f_excursio_7.jpg\" width=\"160\" height=\"114\" \/> Hike to the Font de l&#8217;Ermet\u00e1 (Hermits Spring) and the Ermita de Sant Vicen\u00e7 del Bosc (Chapel of Sant Vicen\u00e7 of the Forest) and the Font de Sant Vicen\u00e7(Sant Vicen\u00e7 spring)<\/p>\n<p>From the restaurant we take the path from behind the farmhouse, sign posted with a banner for \u201cSol y Aire\u201d. Just at the beginning there&#8217;s a footpath on the right marked with yellow and white paint, this is because it&#8217;s a registered short route hike (PR C-38) by the Federaci\u00f3 d&#8217;Entitats Excursionistes de Catalunya (Hiking Associations Federation of Catalonia).<\/p>\n<p>The first stop is at the <strong>Font de l&#8217;Ermet\u00e0<\/strong>, we will have arrived here by crossing a chain. The site is especially beautiful, the magnificence of the hundred year old holm oak trees doesn&#8217;t let much sunlight in and creates a cool and fresh atmosphere.<\/p>\n<p>Following the PR footpath once again we continue until we come across the ruins of <strong>Ermita de Sant Vicen\u00e7 del Bosc<\/strong>. Listed in the X century, in 955 to be precise.<\/p>\n<p>The precept of King Lotari confirmed all Sant Cugat Monasteries assets, in the year 986, the chapel is mentioned again as being close to the town of Cercedol (a small town of the region in medieval times). In the middle of the XI century, the chapel formed a parish. During the following centuries it lost importance. It was not until 1347, when a donation was made to rebuild the chapel roof, that it was regularly taken care of. However, towards the end of the century the parish continued to lose status and ended up being included in the parish of Sant Pere d&#8217;Octav\u00eda. Some of the images are conserved in the Sant Cugat rectory, others are in Barcelonas Museu Dioces\u00e0.<\/p>\n<p><img loading=\"lazy\" decoding=\"async\" class=\"txt-foto-isqui alignnone\" title=\"Photo given by Consorci del Parc Collserola\" src=\"http:\/\/www.can-borrell.com\/img\/f_excursio_7b.jpg\" width=\"240\" height=\"180\" \/>\u00a0 \u00a0 \u00a0 \u00a0 \u00a0<img loading=\"lazy\" decoding=\"async\" class=\"txt-foto-dere alignnone\" title=\"Photo given by Consorci del Parc Collserola\" src=\"http:\/\/www.can-borrell.com\/img\/f_excursio_7c.jpg\" width=\"240\" height=\"180\" \/><\/p>\n<p>In 1981 a campaign to clean up and restore the surroundings was begun, the remains of the walls were rediscovered, the semicircular base of the apse and the floor of the nave made from large slate stones, also a fragment of the altar and a dark stone block that could be a circular bowl. El Consorci del Parc de Collserola placed an explanatory plaque next to the ruins.<\/p>\n<p>The <strong>Font de Sant Vicen\u00e7<\/strong> is found in the same valley of Can Gordi, very close to the chapel. You won&#8217;t come across signs in the direction you are coming from, but it&#8217;s not difficult to find as it&#8217;s barely 50 meters from the chapel.<\/p>\n<div id=\"ressenya\" class=\"ta-right\"><b class=\"ressenya-durada\">Duration<\/b>: 50 minutes (one way)<br \/>\n<b class=\"ressenya-distancia\">Distance<\/b>: 2 Km<br \/>\n<b class=\"ressenya-dificultat\">Difficulty<\/b>:  medium \u2013 high. Narrow footpath with slopes<br \/>\n<a class=\"dins btn btn-success\" href=\"\/view-document\/?doc=google.com\/maps\/d\/embed?mid=120fX_RRJUcFgpAMoJP2MogGmwoI\" >See map<\/a>\n<\/div>\n","protected":false},"excerpt":{"rendered":"<p>Hike to the Font de l&#8217;Ermet\u00e1 (Hermits Spring) and the Ermita de Sant Vicen\u00e7 del Bosc (Chapel of Sant Vicen\u00e7 of the Forest) and the Font de Sant Vicen\u00e7(Sant Vicen\u00e7 spring) From the restaurant we take the path from behind the farmhouse, sign posted with a banner for \u201cSol y Aire\u201d. Just at the beginning [&hellip;]<\/p>\n","protected":false},"author":1,"featured_media":0,"parent":36,"menu_order":0,"comment_status":"closed","ping_status":"closed","template":"page_excursions_template.php","meta":{"footnotes":""},"yoast_head":"<!-- This site is optimized with the Yoast SEO plugin v22.8 - https:\/\/yoast.com\/wordpress\/plugins\/seo\/ -->\n<title>Hike to the Font de l&#039;Ermet\u00e1 (Hermits Spring) and the Ermita de Sant Vicen\u00e7 del Bosc (Chapel of Sant Vicen\u00e7 of the Forest) and the Font de Sant Vicen\u00e7(Sant Vicen\u00e7 spring) - Restaurant Can Borrell<\/title>\n<meta name=\"robots\" content=\"index, follow, max-snippet:-1, max-image-preview:large, max-video-preview:-1\" \/>\n<link rel=\"canonical\" href=\"https:\/\/www.can-borrell.com\/en\/excursions\/excursion-a-la-font-de-lermeta\/\" \/>\n<meta property=\"og:locale\" content=\"en_US\" \/>\n<meta property=\"og:type\" content=\"article\" \/>\n<meta property=\"og:title\" content=\"Hike to the Font de l&#039;Ermet\u00e1 (Hermits Spring) and the Ermita de Sant Vicen\u00e7 del Bosc (Chapel of Sant Vicen\u00e7 of the Forest) and the Font de Sant Vicen\u00e7(Sant Vicen\u00e7 spring) - Restaurant Can Borrell\" \/>\n<meta property=\"og:description\" content=\"Hike to the Font de l&#8217;Ermet\u00e1 (Hermits Spring) and the Ermita de Sant Vicen\u00e7 del Bosc (Chapel of Sant Vicen\u00e7 of the Forest) and the Font de Sant Vicen\u00e7(Sant Vicen\u00e7 spring) From the restaurant we take the path from behind the farmhouse, sign posted with a banner for \u201cSol y Aire\u201d. Just at the beginning [&hellip;]\" \/>\n<meta property=\"og:url\" content=\"https:\/\/www.can-borrell.com\/en\/excursions\/excursion-a-la-font-de-lermeta\/\" \/>\n<meta property=\"og:site_name\" content=\"Restaurant Can Borrell\" \/>\n<meta property=\"article:modified_time\" content=\"2016-10-07T19:54:16+00:00\" \/>\n<meta property=\"og:image\" content=\"http:\/\/www.can-borrell.com\/img\/f_excursio_7.jpg\" \/>\n<meta name=\"twitter:card\" content=\"summary_large_image\" \/>\n<meta name=\"twitter:label1\" content=\"Est. reading time\" \/>\n\t<meta name=\"twitter:data1\" content=\"2 minutes\" \/>\n<script type=\"application\/ld+json\" class=\"yoast-schema-graph\">{\"@context\":\"https:\/\/schema.org\",\"@graph\":[{\"@type\":\"WebPage\",\"@id\":\"https:\/\/www.can-borrell.com\/en\/excursions\/excursion-a-la-font-de-lermeta\/\",\"url\":\"https:\/\/www.can-borrell.com\/en\/excursions\/excursion-a-la-font-de-lermeta\/\",\"name\":\"Hike to the Font de l'Ermet\u00e1 (Hermits Spring) and the Ermita de Sant Vicen\u00e7 del Bosc (Chapel of Sant Vicen\u00e7 of the Forest) and the Font de Sant Vicen\u00e7(Sant Vicen\u00e7 spring) - Restaurant Can Borrell\",\"isPartOf\":{\"@id\":\"https:\/\/www.can-borrell.com\/#website\"},\"primaryImageOfPage\":{\"@id\":\"https:\/\/www.can-borrell.com\/en\/excursions\/excursion-a-la-font-de-lermeta\/#primaryimage\"},\"image\":{\"@id\":\"https:\/\/www.can-borrell.com\/en\/excursions\/excursion-a-la-font-de-lermeta\/#primaryimage\"},\"thumbnailUrl\":\"http:\/\/www.can-borrell.com\/img\/f_excursio_7.jpg\",\"datePublished\":\"2016-05-20T14:12:15+00:00\",\"dateModified\":\"2016-10-07T19:54:16+00:00\",\"breadcrumb\":{\"@id\":\"https:\/\/www.can-borrell.com\/en\/excursions\/excursion-a-la-font-de-lermeta\/#breadcrumb\"},\"inLanguage\":\"en-US\",\"potentialAction\":[{\"@type\":\"ReadAction\",\"target\":[\"https:\/\/www.can-borrell.com\/en\/excursions\/excursion-a-la-font-de-lermeta\/\"]}]},{\"@type\":\"ImageObject\",\"inLanguage\":\"en-US\",\"@id\":\"https:\/\/www.can-borrell.com\/en\/excursions\/excursion-a-la-font-de-lermeta\/#primaryimage\",\"url\":\"http:\/\/www.can-borrell.com\/img\/f_excursio_7.jpg\",\"contentUrl\":\"http:\/\/www.can-borrell.com\/img\/f_excursio_7.jpg\"},{\"@type\":\"BreadcrumbList\",\"@id\":\"https:\/\/www.can-borrell.com\/en\/excursions\/excursion-a-la-font-de-lermeta\/#breadcrumb\",\"itemListElement\":[{\"@type\":\"ListItem\",\"position\":1,\"name\":\"Home\",\"item\":\"https:\/\/www.can-borrell.com\/\"},{\"@type\":\"ListItem\",\"position\":2,\"name\":\"Chefs recommendations&#8230;\",\"item\":\"https:\/\/www.can-borrell.com\/en\/excursions\/\"},{\"@type\":\"ListItem\",\"position\":3,\"name\":\"Hike to the Font de l&#8217;Ermet\u00e1 (Hermits Spring) and the Ermita de Sant Vicen\u00e7 del Bosc (Chapel of Sant Vicen\u00e7 of the Forest) and the Font de Sant Vicen\u00e7(Sant Vicen\u00e7 spring)\"}]},{\"@type\":\"WebSite\",\"@id\":\"https:\/\/www.can-borrell.com\/#website\",\"url\":\"https:\/\/www.can-borrell.com\/\",\"name\":\"Restaurant Can Borrell\",\"description\":\"Traditional catalan and mediterranean cuisine\",\"potentialAction\":[{\"@type\":\"SearchAction\",\"target\":{\"@type\":\"EntryPoint\",\"urlTemplate\":\"https:\/\/www.can-borrell.com\/?s={search_term_string}\"},\"query-input\":\"required name=search_term_string\"}],\"inLanguage\":\"en-US\"}]}<\/script>\n<!-- \/ Yoast SEO plugin. -->","yoast_head_json":{"title":"Hike to the Font de l'Ermet\u00e1 (Hermits Spring) and the Ermita de Sant Vicen\u00e7 del Bosc (Chapel of Sant Vicen\u00e7 of the Forest) and the Font de Sant Vicen\u00e7(Sant Vicen\u00e7 spring) - Restaurant Can Borrell","robots":{"index":"index","follow":"follow","max-snippet":"max-snippet:-1","max-image-preview":"max-image-preview:large","max-video-preview":"max-video-preview:-1"},"canonical":"https:\/\/www.can-borrell.com\/en\/excursions\/excursion-a-la-font-de-lermeta\/","og_locale":"en_US","og_type":"article","og_title":"Hike to the Font de l'Ermet\u00e1 (Hermits Spring) and the Ermita de Sant Vicen\u00e7 del Bosc (Chapel of Sant Vicen\u00e7 of the Forest) and the Font de Sant Vicen\u00e7(Sant Vicen\u00e7 spring) - Restaurant Can Borrell","og_description":"Hike to the Font de l&#8217;Ermet\u00e1 (Hermits Spring) and the Ermita de Sant Vicen\u00e7 del Bosc (Chapel of Sant Vicen\u00e7 of the Forest) and the Font de Sant Vicen\u00e7(Sant Vicen\u00e7 spring) From the restaurant we take the path from behind the farmhouse, sign posted with a banner for \u201cSol y Aire\u201d. Just at the beginning [&hellip;]","og_url":"https:\/\/www.can-borrell.com\/en\/excursions\/excursion-a-la-font-de-lermeta\/","og_site_name":"Restaurant Can Borrell","article_modified_time":"2016-10-07T19:54:16+00:00","og_image":[{"url":"http:\/\/www.can-borrell.com\/img\/f_excursio_7.jpg"}],"twitter_card":"summary_large_image","twitter_misc":{"Est. reading time":"2 minutes"},"schema":{"@context":"https:\/\/schema.org","@graph":[{"@type":"WebPage","@id":"https:\/\/www.can-borrell.com\/en\/excursions\/excursion-a-la-font-de-lermeta\/","url":"https:\/\/www.can-borrell.com\/en\/excursions\/excursion-a-la-font-de-lermeta\/","name":"Hike to the Font de l'Ermet\u00e1 (Hermits Spring) and the Ermita de Sant Vicen\u00e7 del Bosc (Chapel of Sant Vicen\u00e7 of the Forest) and the Font de Sant Vicen\u00e7(Sant Vicen\u00e7 spring) - Restaurant Can Borrell","isPartOf":{"@id":"https:\/\/www.can-borrell.com\/#website"},"primaryImageOfPage":{"@id":"https:\/\/www.can-borrell.com\/en\/excursions\/excursion-a-la-font-de-lermeta\/#primaryimage"},"image":{"@id":"https:\/\/www.can-borrell.com\/en\/excursions\/excursion-a-la-font-de-lermeta\/#primaryimage"},"thumbnailUrl":"http:\/\/www.can-borrell.com\/img\/f_excursio_7.jpg","datePublished":"2016-05-20T14:12:15+00:00","dateModified":"2016-10-07T19:54:16+00:00","breadcrumb":{"@id":"https:\/\/www.can-borrell.com\/en\/excursions\/excursion-a-la-font-de-lermeta\/#breadcrumb"},"inLanguage":"en-US","potentialAction":[{"@type":"ReadAction","target":["https:\/\/www.can-borrell.com\/en\/excursions\/excursion-a-la-font-de-lermeta\/"]}]},{"@type":"ImageObject","inLanguage":"en-US","@id":"https:\/\/www.can-borrell.com\/en\/excursions\/excursion-a-la-font-de-lermeta\/#primaryimage","url":"http:\/\/www.can-borrell.com\/img\/f_excursio_7.jpg","contentUrl":"http:\/\/www.can-borrell.com\/img\/f_excursio_7.jpg"},{"@type":"BreadcrumbList","@id":"https:\/\/www.can-borrell.com\/en\/excursions\/excursion-a-la-font-de-lermeta\/#breadcrumb","itemListElement":[{"@type":"ListItem","position":1,"name":"Home","item":"https:\/\/www.can-borrell.com\/"},{"@type":"ListItem","position":2,"name":"Chefs recommendations&#8230;","item":"https:\/\/www.can-borrell.com\/en\/excursions\/"},{"@type":"ListItem","position":3,"name":"Hike to the Font de l&#8217;Ermet\u00e1 (Hermits Spring) and the Ermita de Sant Vicen\u00e7 del Bosc (Chapel of Sant Vicen\u00e7 of the Forest) and the Font de Sant Vicen\u00e7(Sant Vicen\u00e7 spring)"}]},{"@type":"WebSite","@id":"https:\/\/www.can-borrell.com\/#website","url":"https:\/\/www.can-borrell.com\/","name":"Restaurant Can Borrell","description":"Traditional catalan and mediterranean cuisine","potentialAction":[{"@type":"SearchAction","target":{"@type":"EntryPoint","urlTemplate":"https:\/\/www.can-borrell.com\/?s={search_term_string}"},"query-input":"required name=search_term_string"}],"inLanguage":"en-US"}]}},"_links":{"self":[{"href":"https:\/\/www.can-borrell.com\/en\/wp-json\/wp\/v2\/pages\/96"}],"collection":[{"href":"https:\/\/www.can-borrell.com\/en\/wp-json\/wp\/v2\/pages"}],"about":[{"href":"https:\/\/www.can-borrell.com\/en\/wp-json\/wp\/v2\/types\/page"}],"author":[{"embeddable":true,"href":"https:\/\/www.can-borrell.com\/en\/wp-json\/wp\/v2\/users\/1"}],"replies":[{"embeddable":true,"href":"https:\/\/www.can-borrell.com\/en\/wp-json\/wp\/v2\/comments?post=96"}],"version-history":[{"count":7,"href":"https:\/\/www.can-borrell.com\/en\/wp-json\/wp\/v2\/pages\/96\/revisions"}],"predecessor-version":[{"id":1129,"href":"https:\/\/www.can-borrell.com\/en\/wp-json\/wp\/v2\/pages\/96\/revisions\/1129"}],"up":[{"embeddable":true,"href":"https:\/\/www.can-borrell.com\/en\/wp-json\/wp\/v2\/pages\/36"}],"wp:attachment":[{"href":"https:\/\/www.can-borrell.com\/en\/wp-json\/wp\/v2\/media?parent=96"}],"curies":[{"name":"wp","href":"https:\/\/api.w.org\/{rel}","templated":true}]}}

Hike to the Font de l&#8217;Ermetá (Hermits Spring) and the Ermita de Sant Vicenç del Bosc (Chapel of Sant Vicenç of the Forest) and the Font de Sant Vicenç(Sant Vicenç spring)

<p><img loading="lazy" decoding="async" class="txt-foto-isqui alignleft" title="Photo given by Consorci del Parc Collserola" src="http://www.can-borrell.com/img/f_excursio_7.jpg" width="160" height="114" /> Hike to the Font de l&#8217;Ermetá (Hermits Spring) and the Ermita de Sant Vicenç del Bosc (Chapel of Sant Vicenç of the Forest) and the Font de Sant Vicenç(Sant Vicenç spring)</p>
<p>From the restaurant we take the path from behind the farmhouse, sign posted with a banner for “Sol y Aire”. Just at the beginning there&#8217;s a footpath on the right marked with yellow and white paint, this is because it&#8217;s a registered short route hike (PR C-38) by the Federació d&#8217;Entitats Excursionistes de Catalunya (Hiking Associations Federation of Catalonia).</p>
<p>The first stop is at the <strong>Font de l&#8217;Ermetà</strong>, we will have arrived here by crossing a chain. The site is especially beautiful, the magnificence of the hundred year old holm oak trees doesn&#8217;t let much sunlight in and creates a cool and fresh atmosphere.</p>
<p>Following the PR footpath once again we continue until we come across the ruins of <strong>Ermita de Sant Vicenç del Bosc</strong>. Listed in the X century, in 955 to be precise.</p>
<p>The precept of King Lotari confirmed all Sant Cugat Monasteries assets, in the year 986, the chapel is mentioned again as being close to the town of Cercedol (a small town of the region in medieval times). In the middle of the XI century, the chapel formed a parish. During the following centuries it lost importance. It was not until 1347, when a donation was made to rebuild the chapel roof, that it was regularly taken care of. However, towards the end of the century the parish continued to lose status and ended up being included in the parish of Sant Pere d&#8217;Octavía. Some of the images are conserved in the Sant Cugat rectory, others are in Barcelonas Museu Diocesà.</p>
<p><img loading="lazy" decoding="async" class="txt-foto-isqui alignnone" title="Photo given by Consorci del Parc Collserola" src="http://www.can-borrell.com/img/f_excursio_7b.jpg" width="240" height="180" />         <img loading="lazy" decoding="async" class="txt-foto-dere alignnone" title="Photo given by Consorci del Parc Collserola" src="http://www.can-borrell.com/img/f_excursio_7c.jpg" width="240" height="180" /></p>
<p>In 1981 a campaign to clean up and restore the surroundings was begun, the remains of the walls were rediscovered, the semicircular base of the apse and the floor of the nave made from large slate stones, also a fragment of the altar and a dark stone block that could be a circular bowl. El Consorci del Parc de Collserola placed an explanatory plaque next to the ruins.</p>
<p>The <strong>Font de Sant Vicenç</strong> is found in the same valley of Can Gordi, very close to the chapel. You won&#8217;t come across signs in the direction you are coming from, but it&#8217;s not difficult to find as it&#8217;s barely 50 meters from the chapel.</p>
<div id="ressenya" class="ta-right"><b class="ressenya-durada">Duration</b>: 50 minutes (one way)<br />
<b class="ressenya-distancia">Distance</b>: 2 Km<br />
<b class="ressenya-dificultat">Difficulty</b>:  medium – high. Narrow footpath with slopes<br />
<a class="dins btn btn-success" href="/view-document/?doc=google.com/maps/d/embed?mid=120fX_RRJUcFgpAMoJP2MogGmwoI" >See map</a>
</div>

<p>Hike to the Font de l&#8217;Ermetá (Hermits Spring) and the Ermita de Sant Vicenç del Bosc (Chapel of Sant Vicenç of the Forest) and the Font de Sant Vicenç(Sant Vicenç spring) From the restaurant we take the path from behind the farmhouse, sign posted with a banner for “Sol y Aire”. Just at the beginning [&hellip;]</p>

<!-- This site is optimized with the Yoast SEO plugin v22.8 - https://yoast.com/wordpress/plugins/seo/ -->
<title>Hike to the Font de l&#039;Ermetá (Hermits Spring) and the Ermita de Sant Vicenç del Bosc (Chapel of Sant Vicenç of the Forest) and the Font de Sant Vicenç(Sant Vicenç spring) - Restaurant Can Borrell</title>
<meta name="robots" content="index, follow, max-snippet:-1, max-image-preview:large, max-video-preview:-1" />
<link rel="canonical" href="https://www.can-borrell.com/en/excursions/excursion-a-la-font-de-lermeta/" />
<meta property="og:locale" content="en_US" />
<meta property="og:type" content="article" />
<meta property="og:title" content="Hike to the Font de l&#039;Ermetá (Hermits Spring) and the Ermita de Sant Vicenç del Bosc (Chapel of Sant Vicenç of the Forest) and the Font de Sant Vicenç(Sant Vicenç spring) - Restaurant Can Borrell" />
<meta property="og:description" content="Hike to the Font de l&#8217;Ermetá (Hermits Spring) and the Ermita de Sant Vicenç del Bosc (Chapel of Sant Vicenç of the Forest) and the Font de Sant Vicenç(Sant Vicenç spring) From the restaurant we take the path from behind the farmhouse, sign posted with a banner for “Sol y Aire”. Just at the beginning [&hellip;]" />
<meta property="og:url" content="https://www.can-borrell.com/en/excursions/excursion-a-la-font-de-lermeta/" />
<meta property="og:site_name" content="Restaurant Can Borrell" />
<meta property="article:modified_time" content="2016-10-07T19:54:16+00:00" />
<meta property="og:image" content="http://www.can-borrell.com/img/f_excursio_7.jpg" />
<meta name="twitter:card" content="summary_large_image" />
<meta name="twitter:label1" content="Est. reading time" />
	<meta name="twitter:data1" content="2 minutes" />
<script type="application/ld+json" class="yoast-schema-graph">{"@context":"https://schema.org","@graph":[{"@type":"WebPage","@id":"https://www.can-borrell.com/en/excursions/excursion-a-la-font-de-lermeta/","url":"https://www.can-borrell.com/en/excursions/excursion-a-la-font-de-lermeta/","name":"Hike to the Font de l'Ermetá (Hermits Spring) and the Ermita de Sant Vicenç del Bosc (Chapel of Sant Vicenç of the Forest) and the Font de Sant Vicenç(Sant Vicenç spring) - Restaurant Can Borrell","isPartOf":{"@id":"https://www.can-borrell.com/#website"},"primaryImageOfPage":{"@id":"https://www.can-borrell.com/en/excursions/excursion-a-la-font-de-lermeta/#primaryimage"},"image":{"@id":"https://www.can-borrell.com/en/excursions/excursion-a-la-font-de-lermeta/#primaryimage"},"thumbnailUrl":"http://www.can-borrell.com/img/f_excursio_7.jpg","datePublished":"2016-05-20T14:12:15+00:00","dateModified":"2016-10-07T19:54:16+00:00","breadcrumb":{"@id":"https://www.can-borrell.com/en/excursions/excursion-a-la-font-de-lermeta/#breadcrumb"},"inLanguage":"en-US","potentialAction":[{"@type":"ReadAction","target":["https://www.can-borrell.com/en/excursions/excursion-a-la-font-de-lermeta/"]}]},{"@type":"ImageObject","inLanguage":"en-US","@id":"https://www.can-borrell.com/en/excursions/excursion-a-la-font-de-lermeta/#primaryimage","url":"http://www.can-borrell.com/img/f_excursio_7.jpg","contentUrl":"http://www.can-borrell.com/img/f_excursio_7.jpg"},{"@type":"BreadcrumbList","@id":"https://www.can-borrell.com/en/excursions/excursion-a-la-font-de-lermeta/#breadcrumb","itemListElement":[{"@type":"ListItem","position":1,"name":"Home","item":"https://www.can-borrell.com/"},{"@type":"ListItem","position":2,"name":"Chefs recommendations&#8230;","item":"https://www.can-borrell.com/en/excursions/"},{"@type":"ListItem","position":3,"name":"Hike to the Font de l&#8217;Ermetá (Hermits Spring) and the Ermita de Sant Vicenç del Bosc (Chapel of Sant Vicenç of the Forest) and the Font de Sant Vicenç(Sant Vicenç spring)"}]},{"@type":"WebSite","@id":"https://www.can-borrell.com/#website","url":"https://www.can-borrell.com/","name":"Restaurant Can Borrell","description":"Traditional catalan and mediterranean cuisine","potentialAction":[{"@type":"SearchAction","target":{"@type":"EntryPoint","urlTemplate":"https://www.can-borrell.com/?s={search_term_string}"},"query-input":"required name=search_term_string"}],"inLanguage":"en-US"}]}</script>
<!-- / Yoast SEO plugin. -->

Hike to the Font de l'Ermetá (Hermits Spring) and the Ermita de Sant Vicenç del Bosc (Chapel of Sant Vicenç of the Forest) and the Font de Sant Vicenç(Sant Vicenç spring) - Restaurant Can Borrell

Hike to the Font de l&#8217;Ermetá (Hermits Spring) and the Ermita de Sant Vicenç del Bosc (Chapel of Sant Vicenç of the Forest) and the Font de Sant Vicenç(Sant Vicenç spring) From the restaurant we take the path from behind the farmhouse, sign posted with a banner for “Sol y Aire”. Just at the beginning [&hellip;]
