{"version":"1.0","provider_name":"Restaurant Can Borrell","provider_url":"https:\/\/www.can-borrell.com\/en\/","author_name":"alex","author_url":"https:\/\/www.can-borrell.com\/en\/author\/alex\/","title":"Hike to the Font de l'Ermet\u00e1 (Hermits Spring) and the Ermita de Sant Vicen\u00e7 del Bosc (Chapel of Sant Vicen\u00e7 of the Forest) and the Font de Sant Vicen\u00e7(Sant Vicen\u00e7 spring) - Restaurant Can Borrell","type":"rich","width":600,"height":338,"html":"<blockquote class=\"wp-embedded-content\" data-secret=\"l9sxafFfCo\"><a href=\"https:\/\/www.can-borrell.com\/en\/excursions\/excursion-a-la-font-de-lermeta\/\">Hike to the Font de l&#8217;Ermet\u00e1 (Hermits Spring) and the Ermita de Sant Vicen\u00e7 del Bosc (Chapel of Sant Vicen\u00e7 of the Forest) and the Font de Sant Vicen\u00e7(Sant Vicen\u00e7 spring)<\/a><\/blockquote><iframe sandbox=\"allow-scripts\" security=\"restricted\" src=\"https:\/\/www.can-borrell.com\/en\/excursions\/excursion-a-la-font-de-lermeta\/embed\/#?secret=l9sxafFfCo\" width=\"600\" height=\"338\" title=\"&#8220;Hike to the Font de l&#8217;Ermet\u00e1 (Hermits Spring) and the Ermita de Sant Vicen\u00e7 del Bosc (Chapel of Sant Vicen\u00e7 of the Forest) and the Font de Sant Vicen\u00e7(Sant Vicen\u00e7 spring)&#8221; &#8212; Restaurant Can Borrell\" data-secret=\"l9sxafFfCo\" frameborder=\"0\" marginwidth=\"0\" marginheight=\"0\" scrolling=\"no\" class=\"wp-embedded-content\"><\/iframe><script type=\"text\/javascript\">\n\/* <![CDATA[ *\/\n\/*! This file is auto-generated *\/\n!function(d,l){\"use strict\";l.querySelector&&d.addEventListener&&\"undefined\"!=typeof URL&&(d.wp=d.wp||{},d.wp.receiveEmbedMessage||(d.wp.receiveEmbedMessage=function(e){var t=e.data;if((t||t.secret||t.message||t.value)&&!\/[^a-zA-Z0-9]\/.test(t.secret)){for(var s,r,n,a=l.querySelectorAll('iframe[data-secret=\"'+t.secret+'\"]'),o=l.querySelectorAll('blockquote[data-secret=\"'+t.secret+'\"]'),c=new RegExp(\"^https?:$\",\"i\"),i=0;i<o.length;i++)o[i].style.display=\"none\";for(i=0;i<a.length;i++)s=a[i],e.source===s.contentWindow&&(s.removeAttribute(\"style\"),\"height\"===t.message?(1e3<(r=parseInt(t.value,10))?r=1e3:~~r<200&&(r=200),s.height=r):\"link\"===t.message&&(r=new URL(s.getAttribute(\"src\")),n=new URL(t.value),c.test(n.protocol))&&n.host===r.host&&l.activeElement===s&&(d.top.location.href=t.value))}},d.addEventListener(\"message\",d.wp.receiveEmbedMessage,!1),l.addEventListener(\"DOMContentLoaded\",function(){for(var e,t,s=l.querySelectorAll(\"iframe.wp-embedded-content\"),r=0;r<s.length;r++)(t=(e=s[r]).getAttribute(\"data-secret\"))||(t=Math.random().toString(36).substring(2,12),e.src+=\"#?secret=\"+t,e.setAttribute(\"data-secret\",t)),e.contentWindow.postMessage({message:\"ready\",secret:t},\"*\")},!1)))}(window,document);\n\/* ]]> *\/\n<\/script>\n","description":"Hike to the Font de l&#8217;Ermet\u00e1 (Hermits Spring) and the Ermita de Sant Vicen\u00e7 del Bosc (Chapel of Sant Vicen\u00e7 of the Forest) and the Font de Sant Vicen\u00e7(Sant Vicen\u00e7 spring) From the restaurant we take the path from behind the farmhouse, sign posted with a banner for \u201cSol y Aire\u201d. Just at the beginning [&hellip;]","thumbnail_url":"http:\/\/www.can-borrell.com\/img\/f_excursio_7.jpg"}

Hike to the Font de l'Ermetá (Hermits Spring) and the Ermita de Sant Vicenç del Bosc (Chapel of Sant Vicenç of the Forest) and the Font de Sant Vicenç(Sant Vicenç spring) - Restaurant Can Borrell

<blockquote class="wp-embedded-content" data-secret="l9sxafFfCo"><a href="https://www.can-borrell.com/en/excursions/excursion-a-la-font-de-lermeta/">Hike to the Font de l&#8217;Ermetá (Hermits Spring) and the Ermita de Sant Vicenç del Bosc (Chapel of Sant Vicenç of the Forest) and the Font de Sant Vicenç(Sant Vicenç spring)</a></blockquote><iframe sandbox="allow-scripts" security="restricted" src="https://www.can-borrell.com/en/excursions/excursion-a-la-font-de-lermeta/embed/#?secret=l9sxafFfCo" width="600" height="338" title="&#8220;Hike to the Font de l&#8217;Ermetá (Hermits Spring) and the Ermita de Sant Vicenç del Bosc (Chapel of Sant Vicenç of the Forest) and the Font de Sant Vicenç(Sant Vicenç spring)&#8221; &#8212; Restaurant Can Borrell" data-secret="l9sxafFfCo" frameborder="0" marginwidth="0" marginheight="0" scrolling="no" class="wp-embedded-content"></iframe><script type="text/javascript">
/* <![CDATA[ */
/*! This file is auto-generated */
!function(d,l){"use strict";l.querySelector&&d.addEventListener&&"undefined"!=typeof URL&&(d.wp=d.wp||{},d.wp.receiveEmbedMessage||(d.wp.receiveEmbedMessage=function(e){var t=e.data;if((t||t.secret||t.message||t.value)&&!/[^a-zA-Z0-9]/.test(t.secret)){for(var s,r,n,a=l.querySelectorAll('iframe[data-secret="'+t.secret+'"]'),o=l.querySelectorAll('blockquote[data-secret="'+t.secret+'"]'),c=new RegExp("^https?:$","i"),i=0;i<o.length;i++)o[i].style.display="none";for(i=0;i<a.length;i++)s=a[i],e.source===s.contentWindow&&(s.removeAttribute("style"),"height"===t.message?(1e3<(r=parseInt(t.value,10))?r=1e3:~~r<200&&(r=200),s.height=r):"link"===t.message&&(r=new URL(s.getAttribute("src")),n=new URL(t.value),c.test(n.protocol))&&n.host===r.host&&l.activeElement===s&&(d.top.location.href=t.value))}},d.addEventListener("message",d.wp.receiveEmbedMessage,!1),l.addEventListener("DOMContentLoaded",function(){for(var e,t,s=l.querySelectorAll("iframe.wp-embedded-content"),r=0;r<s.length;r++)(t=(e=s[r]).getAttribute("data-secret"))||(t=Math.random().toString(36).substring(2,12),e.src+="#?secret="+t,e.setAttribute("data-secret",t)),e.contentWindow.postMessage({message:"ready",secret:t},"*")},!1)))}(window,document);
/* ]]> */
</script>

Hike to the Font de l&#8217;Ermetá (Hermits Spring) and the Ermita de Sant Vicenç del Bosc (Chapel of Sant Vicenç of the Forest) and the Font de Sant Vicenç(Sant Vicenç spring) From the restaurant we take the path from behind the farmhouse, sign posted with a banner for “Sol y Aire”. Just at the beginning [&hellip;]
